d by 7495?
20
What is the remainder when 7583 is divided by 165?
158
What is the remainder when 31679 is divided by 99?
98
Calculate the remainder when 160015 is divided by 35.
30
What is the remainder when 72122 is divided by 292?
290
Calculate the remainder when 499713 is divided by 57.
51
What is the remainder when 10184 is divided by 28?
20
What is the remainder when 38482 is divided by 410?
352
What is the remainder when 142 is divided by 52?
38
Calculate the remainder when 663133 is divided by 1423.
15
What is the remainder when 17326 is divided by 4327?
18
Calculate the remainder when 8626799 is divided by 790.
789
Calculate the remainder when 199198 is divided by 66398.
4
Calculate the remainder when 35519 is divided by 39.
29
Calculate the remainder when 90297 is divided by 210.
207
Calculate the remainder when 11075 is divided by 698.
605
What is the remainder when 4536 is divided by 1470?
126
Calculate the remainder when 36055 is divided by 81.
10
What is the remainder when 136822 is divided by 34198?
30
What is the remainder when 1463326 is divided by 144?
142
Calculate the remainder when 9779 is divided by 21.
14
Calculate the remainder when 77131 is divided by 25708.
7
Calculate the remainder when 276241 is divided by 894.
889
What is the remainder when 249000 is divided by 82996?
12
Calculate the remainder when 5474 is divided by 21.
14
Calculate the remainder when 44846 is divided by 2989.
11
Calculate the remainder when 247470 is divided by 9518.
2
What is the remainder when 158267 is divided by 133?
130
What is the remainder when 2008 is divided by 291?
262
Calculate the remainder when 3447 is divided by 1110.
117
Calculate the remainder when 1631170 is divided by 15.
10
What is the remainder when 29735 is divided by 252?
251
Calculate the remainder when 1262 is divided by 126.
2
What is the remainder when 788 is divided by 391?
6
What is the remainder when 1925 is divided by 8?
5
What is the remainder when 250 is divided by 173?
77
Calculate the remainder when 227635 is divided by 2396.
15
What is the remainder when 199998 is divided by 99977?
44
What is the remainder when 23237 is divided by 5807?
9
Calculate the remainder when 16677 is divided by 34.
17
Calculate the remainder when 86393 is divided by 238.
237
What is the remainder when 44458 is divided by 823?
16
Calculate the remainder when 37846 is divided by 1113.
4
What is the remainder when 28615 is divided by 67?
6
What is the remainder when 88789 is divided by 11086?
101
What is the remainder when 422 is divided by 140?
2
What is the remainder when 19556 is divided by 14?
12
What is the remainder when 87198 is divided by 182?
20
What is the remainder when 1114895 is divided by 44?
23
What is the remainder when 25111 is divided by 165?
31
What is the remainder when 548042 is divided by 71?
64
What is the remainder when 24840 is divided by 107?
16
Calculate the remainder when 17716 is divided by 141.
91
Calculate the remainder when 18686 is divided by 9270.
146
Calculate the remainder when 17471 is divided by 2909.
17
What is the remainder when 11996 is divided by 256?
220
What is the remainder when 16605 is divided by 3299?
110
What is the remainder when 11613 is divided by 11589?
24
What is the remainder when 210661 is divided by 66?
55
What is the remainder when 105242 is divided by 253?
247
What is the remainder when 23055 is divided by 6?
3
Calculate the remainder when 2540 is divided by 457.
255
What is the remainder when 16217 is divided by 102?
101
What is the remainder when 87531 is divided by 1786?
17
Calculate the remainder when 2519 is divided by 2420.
99
Calculate the remainder when 3315 is divided by 183.
21
What is the remainder when 4539 is divided by 4508?
31
Calculate the remainder when 17022 is divided by 28.
26
Calculate the remainder when 653 is divided by 221.
211
Calculate the remainder when 24029 is divided by 89.
88
What is the remainder when 269 is divided by 60?
29
Calculate the remainder when 17823 is divided by 190.
153
What is the remainder when 108573 is divided by 624?
621
What is the remainder when 593 is divided by 14?
5
What is the remainder when 266183 is divided by 88727?
2
Calculate the remainder when 55691 is divided by 2062.
17
What is the remainder when 254 is divided by 252?
2
Calculate the remainder when 12878 is divided by 218.
16
What is the remainder when 73437 is divided by 37?
29
Calculate the remainder when 11174 is divided by 72.
14
Calculate the remainder when 14116 is divided by 14094.
22
What is the remainder when 29064 is divided by 368?
360
What is the remainder when 17877 is divided by 19?
17
Calculate the remainder when 3129 is divided by 388.
25
What is the remainder when 74249 is divided by 594?
593
Calculate the remainder when 15170 is divided by 1505.
120
Calculate the remainder when 21418 is divided by 70.
68
What is the remainder when 994827 is divided by 497408?
11
What is the remainder when 55278 is divided by 258?
66
Calculate the remainder when 24601 is divided by 185.
181
Calculate the remainder when 748799 is divided by 900.
899
Calculate the remainder when 24779 is divided by 4951.
24
Calculate the remainder when 26968 is divided by 961.
60
What is the remainder when 36487 is divided by 1956?
1279
Calculate the remainder when 10415 is divided by 57.
41
What is the remainder when 1729 is divided by 1564?
165
Calculate the remainder when 4839 is divided by 4794.
45
What is the remainder when 7525 is divided by 92?
73
What is the remainder when 12746 is divided by 12743?
3
What is the remainder when 412411 is divided by 526?
27
Calculate the remainder when 30936 is divided by 182.
178
Calculate the remainder when 22246 is divided by 220.
26
Calculate the remainder when 2849 is divided by 552.
89
What is the remainder when 57170 is divided by 28545?
80
Calculate the remainder when 627726 is divided by 1484.
1478
Calculate the remainder when 2059 is divided by 40.
19
Calculate the remainder when 8485 is divided by 2099.
89
Calculate the remainder when 128396 is divided by 1117.
1058
Calculate the remainder when 24144 is divided by 72.
24
Calculate the remainder when 8332 is divided by 861.
583
Calculate the remainder when 1267 is divided by 1029.
238
Calculate the remainder when 3427 is divided by 49.
46
Calculate the remainder when 42753 is divided by 3288.
9
What is the remainder when 228 is divided by 31?
11
What is the remainder when 34028 is divided by 153?
62
What is the remainder when 753 is divided by 709?
44
What is the remainder when 1353671 is divided by 108?
107
What is the remainder when 334665 is divided by 38?
37
What is the remainder when 617522 is divided by 63?
59
What is the remainder when 13345 is divided by 4306?
427
What is the remainder when 7157 is divided by 2380?
17
What is the remainder when 36520 is divided by 217?
64
What is the remainder when 118405 is divided by 41?
38
What is the remainder when 169356 is divided by 580?
576
What is the remainder when 983091 is divided by 150?
141
Calculate the remainder when 3267 is divided by 143.
121
Calculate the remainder when 15165 is divided by 5043.
36
What is the remainder when 65294 is divided by 112?
110
Calculate the remainder when 187323 is divided by 655.
648
What is the remainder when 597 is divided by 218?
161
Calculate the remainder when 335015 is divided by 517.
516
Calculate the remainder when 1131 is divided by 323.
162
What is the remainder when 2887 is divided by 577?
2
What is the remainder when 1630 is divided by 40?
30
What is the remainder when 1275328 is divided by 269?
268
What is the remainder when 154509 is divided by 87?
84
What is the remainder when 8077 is divided by 40?
37
Calculate the remainder when 452 is divided by 311.
141
Calculate the remainder when 62280 is divided by 61.
60
Calculate the remainder when 3527 is divided by 62.
55
What is the remainder when 2178 is divided by 950?
278
Calculate the remainder when 3366925 is divided by 70.
65
Calculate the remainder when 135 is divided by 49.
37
Calculate the remainder when 5823 is divided by 856.
687
What is the remainder when 1043949 is divided by 9?
3
What is the remainder when 1901009 is divided by 548?
545
What is the remainder when 311911 i